s -12 - -7 - -4 - 7 - -1?
-7
Calculate (10 - (11 + -12)) + -6.
5
Calculate (72 - 11) + -67 + 35 + -1.
28
-2 + -14 + (3 - -15) + -6
-4
(2 + -2 - (14 - 20)) + -12 + 7
1
(-17 - -17 - 12 - -15) + (0 - -25)
28
Evaluate -7 + -5 + 25 - 23.
-10
What is the value of -37 - (-28 - -18) - -49?
22
What is -22 + -15 + 36 - (1 - 6)?
4
What is 3 - (-4 - (3 + (-14 - -1))) - 0?
-3
What is the value of -4 + (39 - (11 - 0)) + -10?
14
What is -14 - -10 - 13 - (8 + -5 - -4)?
-24
What is 3 + (4 - 4 - 6) + -3 - -9?
3
What is 5 + -5 + 9 + (8 + 0 - 7)?
10
Evaluate -78 - -71 - ((0 - 0) + -26) - 6.
13
Calculate (-7 - -24) + 1 + -5 + (-22 - -25).
16
What is the value of (41 - 34) + -31 + -4?
-28
What is the value of -1 - (-8 + 21 - 9)?
-5
What is (-8 + 2 - (28 - 31)) + -11?
-14
Calculate -5 + (-11 - 3) + 4.
-15
What is 8 - (-16 + 28 + -1)?
-3
Calculate -3 - -4 - -4 - (7 + -4).
2
Calculate -12 - (25 - (-3 - -22)).
-18
-16 + (-9 + 10 - (-23 + -14))
22
Calculate 1 - 10 - (7 + (53 - 47)).
-22
What is the value of 2 + (3 - -4) - ((36 - 4) + 16)?
-39
Evaluate 2 + -6 - (-24 + 32) - (-7 + 3).
-8
What is the value of -3 - 19 - 15 - -22?
-15
Evaluate 14 + (24 + -16 - (15 - -1)).
6
Calculate 33 + -37 - (2 + -28).
22
What is the value of 9 + (-34 + 23 - 5)?
-7
Evaluate 2 - (-6 - -26) - 5.
-23
-5 + (-2 + 2 + -46 + 45 - -31)
25
What is the value of (-17 - 0 - (6 - 17)) + -7?
-13
What is the value of -41 + 3 + 33 + -8?
-13
Evaluate (2 - 3) + 15 - -14.
28
What is the value of -1 + 6 - 1 - (69 + (-175 - -101))?
9
What is -10 + (6 + -11 - (8 + -7) - -33)?
17
What is the value of 6 + -4 + -8 + 14 + 0 + -20?
-12
What is 2 - -1 - (91 - 78)?
-10
Evaluate (1 - 20) + 3 + 13.
-3
Calculate 2 + -22 - (40 - 64).
4
0 + (-14 + 47 - 35)
-2
Calculate 4 + -15 - (0 + -6 - -10).
-15
What is 5 + -41 - (-14 - -5 - 0)?
-27
Evaluate (-4 + 1 - 1) + (-2 - (-3 - 0)).
-3
What is 244 + -252 - (-21 - -1) - 21?
-9
Evaluate -2 + 0 + 8 - ((10 - 1) + -6).
3
What is -15 - (-2 - 10 - (-5 - 3))?
-11
What is the value of -7 + 19 - (28 + -39)?
23
What is the value of (-15 - -24 - 12) + -1 + 24 + -1?
19
12 + (-17 - -8) + -2
1
Evaluate -1 - (17 - (8 - 0)).
-10
Calculate 12 + 1 + 58 + (-8 - 33).
30
-13 + -7 - -26 - (0 + 3)
3
What is the value of -19 - (4 + -10 - 12)?
-1
Evaluate 0 - ((0 - (-1 - -18)) + 8).
9
Calculate -1 + 13 + 0 + 6 + 58 + -70.
6
(-9 - -2) + (31 - -37 - 29)
32
What is 1 - (8 + (18 - 17))?
-8
Calculate (7 + -11 - (-3 + 0)) + -5.
-6
What is the value of 0 + 11 + -358 + 336?
-11
What is the value of (21 - -7) + -34 + 11?
5
What is the value of 337 - 312 - (50 + 1)?
-26
Calculate -1 + 0 + -5 - (830 + -838).
2
What is (-5 - -14) + 9 + 2?
20
Evaluate 1 - (-55 - -62 - (1 + 1)) - -15.
11
What is the value of -11 - (36 + -21 - 42)?
16
Evaluate 17 - 33 - -11 - 28.
-33
Calculate (48 - 24 - 24) + 0 + 13.
13
Evaluate (1 - (7 + -1 + 1)) + 2295 + -2305.
-16
Evaluate 8 + (-3 - (9 + (18 - 15))).
-7
What is (7 - 4) + 12 + -5 + 3?
13
What is (5 - (-4 + (-2 - -27))) + -3?
-19
What is -10 - ((-3 - -10) + 19 + -46)?
10
Calculate (-4 - 2) + -30 + 53 + -13.
4
Evaluate (-10 - -11) + (-13 - 1) + 8.
-5
What is 11 + 27 - 63 - -29?
4
What is the value of -86 + 95 + -11 + 0?
-2
Calculate (-4 + 1 - -11) + -4 - (34 - 25).
-5
What is the value of -12 + (-21 - (-24 - -6))?
-15
Evaluate -2 + 8 + ((-7 - -10) + 5 - 6).
8
What is -11 + (-3 + 8 - (5 - 9)) + -27?
-29
What is the value of (7 - 29) + 15 + -3 + 10?
0
What is -12 - -16 - (48 - 26)?
-18
What is the value of -9 - (2 + 3) - (1 - (-1 - 1))?
-17
What is the value of 3 - (16 + -11 + 10 - 2)?
-10
What is the value of -2 + (-4 - 2) + 13?
5
(133 - 137) + 7 + -2 + 2 + -22
-19
(11 - 7) + 21 + -25 + 1 + 8
9
What is the value of (4 - 11) + 1 - (3 - 4) - -31?
26
What is 61 + -64 - (-3 + 5 + -8)?
3
Calculate 57 + -45 - (-1 + 5) - 12.
-4
Calculate 5 + (-3 - (0 + -8 - (-7 - 9))).
-6
What is 6 + -10 + (-28 + 0 - (34 - 38))?
-28
What is 7 + (15 - (10 - -7 - 7))?
12
Calculate 3 + -38 - (43 + -41 + -4).
-33
Calculate -13 - (-4 - -11 - 9).
-11
What is the value of 222 - 208 - (2 + -2 - -6)?
8
What is the value of -22 + 9 + 5 + (5 - 8 - 5)?
-16
Calculate 4 + -13 + (-7 - -13) + 10.
7
What is (18 - -27) + -34 + -7 + -1?
3
What is (-91 - -84 - (1 + -1 - -4)) + -21?
-32
Evaluate 6 + (-11 - -28) + -4.
19
Calculate (26 - (-14 - (1 + -9))) + (3 - 11).
24
(3 - (16 + -6 + -7)) + -12
-12
What is -45 - -34 - 3 - (-11 - 2 - -3)?
-4
Calculate -1 + -30 + 21 + 3.
-7
(-4 - -9) + 3 + -2 - -6
12
(9 - -1) + -5 - 13
-8
Calculate -17 - ((6 - (-1 - -5)) + (-59 - -62)).
-22
Evaluate 18 + 5 + (-47 - -16 - -16).
8
Calculate (4 - 1) + 7 + 3 + -14.
-1
-21 + -1 - (-80 + 68)
-10
Evaluate 5 + 1 + 0 + 0 + -8.
-2
Calculate 22 + -29 + 13 + 1 - -10.
17
What is the value of -1 - -3 - (5 + 9 + 2)?
-14
What is the value of (6 + 1 + 7 + -23 - -1) + 16?
8
What is (-5 - (1 - 0) - (-1 + -6)) + 5?
6
What is 5 + (3 - 0) + (19 - (58 - 18))?
-13
What is the value of 5 + -4 - (11 + 1)?
-11
Calculate (-2 + 2 - -4) + -6 + 24 + -11.
11
What is the value of 3 + 0 + -1 + -4 - (132 - 117)?
-17
Evaluate -18 - (5 + -2) - (-24 + 8 + 9).
-14
Calculate (-2 - (10 - -4)) + 34.
18
What is -21 + 25 + -6 + 0 + 7 + -5?
0
What is the value of (-5 - -3) + 29 + -11 + -5 + 25?
36
What is the value of (-4 - -1) + (5 - 13 - -21) + -27?
-17
Evaluate 3 + (12 - 9) + -7 + -19 + 4.
-16
What is (-16 - 6 - -14 - -43) + -14?
21
What is the value of 14 + -17 + (-47 - -17)?
-33
What is 1 - 15 - (-90 - -91)?
-15
1 + -19 + 225 + -214
-7
Calculate (0 - (4 - 1)) + (34 - (20 + -1)).
12
Evaluate 7 + -1 + -12 + 0 - 11.
-17
What is -9 + 4 - (-4 + -4) - (-4 - -18)?
-11
Calculate 21 + 2 + -1 + (-7 - 0) + -6.
9
Evaluate (1 - -1 - (-96 + 80)) + -1 + 3.
20
Evaluate 3 + (-30 - (-6 - 33)).
12
What is the value of 26 - (63 - -1 - 21)?
-17
What is the value of -501 + 522 - (2 + 3)?
16
(9 - -11) + -5 + 2 + -11
6
Evaluate 5 + ((-17 - -14) + -11 + 2 - -4).
-3
Evaluate 4 - (2 + 1 + (-8 - -2) - 7).
14
What is the value of 2 + (-3 + 0 - 3) - (52 - 48)?
-8
Evaluate (41 - 49) + 5 + (0 - 1).
-4
(4 + (-4 - 3) - -3) + -115 + 77
-38
Calculate 48 + -15 + -3 + -16.
14
Evaluate (13 - (17 - 16)) + 0 + -19.
-7
Calculate -2 - (-3 - (28 - 15)).
14
What is (4 - -1) + (7 + -1 - 21) - 1?
-11
-2 + -12 + 1 + 11
-2
(-2 + -18 + 2 - (38 - 40)) + 5
-11
6 - 18 - -11 - -7 - -14
20
Calculate 3 - ((-32 - -14) + 4).
17
Evaluate 2 - 2 - (6 + (15 - 18)).
-3
Calculate (9 - -1) + (-53 - (9 + -36)).
-16
Calculate -4 + -1 - (17 - (-22 - -39)).
-5
Calculate -7 + (11 - (-10 - -7 - -7)) - -6.
6
-16 - (-40 + 14) - 12 - 7
-9
What is 3 + 1 + -4 + 11 + 106 + -95?
22
15 + -20 + (-13 - 0) + (-10 - -13)
-15
Evaluate -2 + (2 - -12) - 12.
0
What is -88 + 113 - (35 + 2)?
-12
Calculate 5 + (-7 - -31) + 8 + (3 - 3).
37
Calculate 26 - 48 - (-14 + 0).
-8
What is the value of -28 + 6 + (5 - (-1 + 5 - 3))?
-18
-2 - (-10 - (-24 - -11))
-5
Evaluate 7 + 2 - (72 + -65) - 3.
-1
3 + (-1 - -32 - 12) + -10
12
Calculate -9 - -6 - (0 + -2 + (12 - 6)).
-7
Evaluate 13 + -1 - (11 - 1).
2
What is the value of 1 - (0 + 1 + -14 - (-6 + 5))?
13
Evaluate 9 - 4 - (-33 + 12).
26
Evaluate -1 + 1 - (-2 + 6) - (-3 + 7).
-8
What is the value of 9 + (-33 - -36) + 8 + 2?
22
Evaluate (-12 - -13 - 14) + 19.
6
Calculate (-6 - 1) + -11 + 1 + -10.
-27
What is 9 - 0 - (63 + -47) - (-1 + 4)?
-10
Evaluate 19 + -34 + -5 + 8.
-12
What is -35 - (63 + -15) - -43?
-40
Calculate (-5 - (0 + 5 + (1 - 9))) + -8.
-10
Calculate -20 + -30 + (-12 - -77).
15
What is -20 + (-16 - -19 - 5)?
-22
What is the value of (-4 - -51) + (-5 - 21)?
21
Evaluate (-17 - -17 - 14) + 20.
6
What is the value of -9 - (9 - (1 + 28 - 7))?
4
Calculate (31 - -1 - 1) + -7 - (-27 - -20).
31
What is (-13 - 1) + (22 + -3 - 10 - 6)?
-11
What is -14 + 39 + -21 + -11 + -3 + 9?
-1
Evaluate -5 + (-6 - -3) + (-13 - -5).
-16
What is the value of 7 - (41 - 22) - 3?
-15
What is the value of -1 - ((-12 - 2) + 5)?
8
(8 - (-7 + 9 - 4)) + -15
-5
(-147 - -128) + 0 + 0
-19
What is the value of 19 + -9 - ((-2 - -4) + -4 - -3)?
9
Evaluate 4 + -1 - 10 - (4 - (7 + -9)).
-13
What is -9 - (8 + -21) - 3?
1
What is the value of (-7 - 0) + 4 + -4 + 2?
-5
What is 36 - (0 + 1 - 1) - (-1201 - -1205)?
32
(-18 - 22) + 38 + -28 + 0 - -9
-21
What is the value of (44 - 2) + -17 - 22?
3
Evaluate (180 - 186) + -3 + 1 + 3.
-5
What is -193 + 183 - (-1 + 3 + -3) - 